 Let g = 86 + -54. Let n = g - c. What are the prime factors of n?
3
Let h be (-1 + -2 + 3)/2. List the prime factors of -13*(h - (-1 + 2)).
13
Suppose 0 = -5*u + d - 6*d + 25, -1 = u - d. Suppose 4*h + 0*w = 5*w + 91, -u*h = -w - 41. List the prime factors of h.
19
Let r = -2 + -41. Let h = -26 - r. What are the prime factors of h?
17
Let k = 8 - 6. Let v be (-1 + k)/(-1) + 6. Suppose 13 = v*w + 3. What are the prime factors of w?
2
Let v be 1/(1/(-12)*-3). Suppose -2*x - 3*u + 43 - v = 0, -x + 23 = -2*u. Suppose 5*q - x = 2*q. List the prime factors of q.
7
Suppose -2*q + q + 4*c = -35, -4*c + 60 = 4*q. Let p = -13 + q. Suppose -p = -g - 2. What are the prime factors of g?
2
Suppose 0 = -4*h + 4*u - 12, 2*h - 35 = -3*h - 5*u. Suppose 0*y = h*y - 12. List the prime factors of y.
2, 3
Let f(w) = 2*w**2 - 4*w + 1 + 2*w + 2*w + w. Let o be f(-1). Let i(u) = 3*u - 3. List the prime factors of i(o).
3
Let g be 10 + 2/(-1) + -3. What are the prime factors of 3 + (2 - g) - -20?
2, 5
Let d(j) = -j**2 + 15*j + 13. What are the prime factors of d(15)?
13
Suppose -9*v = -11*v + 2. What are the prime factors of ((-12)/v + -1)/(-1)?
13
Suppose 2*d - 260 = 4*t, 4*t = d - 46 - 78. What are the prime factors of d?
2, 17
Suppose -5*f - 7 = 5*m + 13, 3*m + 12 = 3*f. Suppose -4*o + 2*v + 11 = -v, 5*o + 3*v - 7 = f. List the prime factors of o.
2
Let l = 1 + 0. Let s = l - -4. List the prime factors of s.
5
Let u = -6 + 35. Let o = u + -17. List the prime factors of o.
2, 3
Let k be 3 + ((-708)/3)/(-4). Let y = -3 + k. What are the prime factors of y?
59
Suppose 2*b = -j + 122, -5*j + 0*b + 2*b + 646 = 0. List the prime factors of j.
2
Let f = -87 + 187. What are the prime factors of f?
2, 5
Let c = 6 - 12. Let r(f) = -6*f**3 - f**2 - 10. Let n(i) = -7*i**3 - 11. Let w(h) = 5*n(h) - 6*r(h). List the prime factors of w(c).
5
Let a = -79 + 111. What are the prime factors of a?
2
Suppose c - 20 = -3*c. Suppose 2*l = c*a - 45, 3*a + 0*l - 27 = 5*l. List the prime factors of a.
3
Let k = 40 + 58. What are the prime factors of k?
2, 7
What are the prime factors of (-20)/(-6)*-18*16/(-10)?
2, 3
Let l(v) = v**3 + 10*v**2 + 7*v + 1. Let x(g) = 2*g**3 + 21*g**2 + 15*g + 3. Let a(u) = -13*l(u) + 6*x(u). List the prime factors of a(-4).
3
Let k(r) = r**3 + r - 1. Let c(g) = 2*g**3 - g + 2. Let t(w) = c(w) + 2*k(w). What are the prime factors of t(1)?
5
Let q(p) be the second derivative of -p**2/2 - 2*p. Let v(t) = t + 11. Let x(z) = 3*q(z) + v(z). List the prime factors of x(7).
3, 5
Let a(r) = 2*r. List the prime factors of a(3).
2, 3
Suppose -2*x = -0*x. Suppose 0 = -h - 2*s - x*s + 42, 18 = h - 4*s. List the prime factors of h.
2, 17
Let f be 14/21 - 13/(-3). Suppose 29 = -f*y + 84. What are the prime factors of y?
11
Let c(u) = u**2 - 4*u - 8. Let p be c(6). Suppose 0 = -v + p*v + 3. What are the prime factors of 65/(-15)*3/v?
13
Let v(m) = -9*m + 25. List the prime factors of v(-7).
2, 11
Let y(g) = -g**3 - 4*g**2 - 3*g + 12. What are the prime factors of y(-6)?
2, 3, 17
Let h(j) = 89*j - 1. List the prime factors of h(1).
2, 11
Let o(k) = -k**3 + 7*k**2 - 7*k - 1. Let m be o(6). Let g = m + 18. List the prime factors of g.
11
Let g(y) = y**3 - y - 1. Suppose -3*i + 0*h + 26 = h, 5*h - 34 = -3*i. Let u = i + -6. What are the prime factors of g(u)?
5
Suppose -32 = -3*v - n, 4*v + 0*n + 2*n - 42 = 0. What are the prime factors of v?
11
Suppose -2*m - 175 = -d, 0 = -d - 4*m + 151 - 6. List the prime factors of d.
3, 5, 11
Let k(t) = -t**2 + t + 2. Let i be k(0). Suppose -3*u - f = -104, i*u = -u - 5*f + 124. List the prime factors of u.
3, 11
Let j = -204 + 119. Let p = -61 - j. List the prime factors of p.
2, 3
Let x be (4/(-8) + 0)*-6. Suppose x = -w + 15. List the prime factors of w.
2, 3
Let o be -1*(-1)/(2/(-8)). List the prime factors of o/12 - (-25)/3.
2
Let a(q) be the second derivative of 4*q**4/3 - 4*q. List the prime factors of a(1).
2
Let o(a) = 8*a**3 - 8*a**2 + 3. Let w(s) = -7*s**3 + 8*s**2 - s - 3. Let z(r) = -6*o(r) - 7*w(r). List the prime factors of z(7).
3
Let h(z) = -3*z - 6. Let k be h(-4). What are the prime factors of (15/10)/(k/40)?
2, 5
Let d = 37 + -60. Let v = 39 + d. Suppose 3*c = v + 5. List the prime factors of c.
7
Let f = -33 - -71. Suppose -m = 2*d - f, -5*m + 2*d - 25 = -179. List the prime factors of m.
2
Let x = -21 - -71. What are the prime factors of x?
2, 5
Let f(m) = -m**3 - 5*m**2 + 5*m - 2. Let n be f(-6). Suppose -n*y + 12 = -0*y. What are the prime factors of y?
3
Let y be (0 + 4/(-4))*0. Suppose -2*h + 54 = -y*h. List the prime factors of h.
3
Let i be (-4)/12*(0 - 165). Suppose -2*q = 5*a - i, 3*a - 58 + 11 = -4*q. List the prime factors of a.
3
Suppose -105 = -2*p + f, 5*p = p + 4*f + 204. What are the prime factors of p?
2, 3
Let u = 3 + 0. Suppose 0 = -u*v + 2*v + 4*w - 7, 5*v = 4*w + 45. Let q = v + -6. What are the prime factors of q?
7
Suppose 24*b - 26*b = -256. What are the prime factors of b?
2
Let a = -7 - -13. Let q(y) = -y**2 + 8*y + 2. List the prime factors of q(a).
2, 7
Let v = 164 - -28. What are the prime factors of v?
2, 3
Suppose 0 = g - 25 - 26. List the prime factors of g.
3, 17
Let u be -15 + -3 + 8 + -3. List the prime factors of (-6 - -2)/(2/u).
2, 13
Let u(i) = 12*i**2 - 6*i - 6. Let r be u(-4). List the prime factors of r/(-25)*(-5)/2.
3, 7
Let h be ((-9)/12)/(3/(-12)). Suppose -4*q + 4*f = -12 - 0, h*q - 4*f - 10 = 0. Suppose -q*o - 3 = -3*o. What are the prime factors of o?
3
Suppose -5*k + 586 = 181. List the prime factors of k.
3
Let t(g) = 5*g**2 - 7*g - 4. Let p(a) = -10*a**2 + 13*a + 7. Let j(o) = -4*p(o) - 7*t(o). What are the prime factors of j(2)?
2, 7
Let u be (-4)/8*(0 + 0). Suppose 4*n - n + 5 = -4*c, u = c + 3*n + 8. List the prime factors of -1 + 1/c + 5.
5
Let r be 1 - 16/(4/2). Let o(x) = -6*x**3 - 6*x**2 + 8*x + 15. Let h(q) = q**3 - 1. Let f(u) = 5*h(u) + o(u). What are the prime factors of f(r)?
3
Suppose -p = 2*h - 5*h + 316, 5*h - p = 528. List the prime factors of h.
2, 53
Let s be 0 - (-21)/3 - 3. Suppose 0 = -3*r - r - s*j + 16, -4*j = 2*r - 12. Suppose -a = -r*a + 7. What are the prime factors of a?
7
Let q(f) = -7*f + 9. Let w be q(4). Let r = w + 71. List the prime factors of r.
2, 13
Let u = 69 - 23. List the prime factors of u.
2, 23
Let m = 3 - 1. Let b be 196/10 + m/5. Suppose 3*q - 40 = -2*s + b, -16 = -4*q. List the prime factors of s.
2, 3
Let o be 1/2 - (-1)/(-2). Suppose -25 = -j - r, o = 3*j - 5*r + 3 - 46. List the prime factors of j.
3, 7
Suppose 0 = 2*q + 3 + 1. Let k = 2 + 3. Let c = k + q. What are the prime factors of c?
3
Suppose -v - 7 = -144. What are the prime factors of v?
137
Suppose 0 = 3*w + w - 80. Suppose 0*p + w = 2*p. List the prime factors of p.
2, 5
Suppose 4*b + 180 = -b. Let g = b - -51. Let p = g + -9. List the prime factors of p.
2, 3
Let i = -64 - -44. Let b = i - -40. What are the prime factors of b?
2, 5
Let h(b) = -b**2 + 8*b - 5. Let g = 16 - 10. What are the prime factors of h(g)?
7
Let c = -3 - -5. What are the prime factors of c/9 - 34/(-9)?
2
Let w(r) be the first derivative of 2*r**2 - 1. What are the prime factors of w(5)?
2, 5
Let s(k) = -k**2 + 4*k + 1. Let h be s(3). Let n be (2 - 18/5)*50/(-20). Suppose -46 = 2*m - 5*m + h*b, -3*m - n*b = -14. What are the prime factors of m?
2, 5
Let g = 30 + -9. List the prime factors of g.
3, 7
Suppose 4*u = -4*r + 180, 3*u = 5*r + 2*u - 207. List the prime factors of r.
2, 3, 7
Let h be (-2 - -3)*(-2 + 4). Let x(r) = h + r - 2 - 1. List the prime factors of x(4).
3
What are the prime factors of 0 + -1*-3*2?
2, 3
Let l(i) = 5*i**3 - 3*i**3 - 7*i**2 + 1 - i**3 + 8*i + 0*i**2. What are the prime factors of l(6)?
13
Suppose -56*l = -52*l - 504. What are the prime factors of l?
2, 3, 7
Let z = 18 - 9. What are the prime factors of z?
3
Let g be (3 + -5)*(-2 + 1). What are the prime factors of 1/g*(34 - 0)?
17
Let n = 22 - 10. Let c = 21 - n. What are the prime factors of c?
3
What are the prime factors of 3/(((-63)/(-6))/(-7)) - -166?
2, 41
Let s(h) = 2*h**2 - 2*h + 2. List the prime factors of s(-2).
2, 7
Let w = 18 - 11. Let f(g) = -g**3 + 7*g**2 + 2*g - 1. What are the prime factors of f(w)?
13
Suppose 2*u = 5*p - 21, -3*u + 5*p - 10 - 9 = 0. Suppose -u*w = -32 - 2. Suppose 0 = -4*j +